{"id":129,"date":"2013-09-27T15:18:23","date_gmt":"2013-09-27T14:18:23","guid":{"rendered":"http:\/\/www.seingalt.net\/?page_id=129"},"modified":"2022-12-25T10:12:38","modified_gmt":"2022-12-25T09:12:38","slug":"les-immontrables","status":"publish","type":"page","link":"https:\/\/www.seingalt.net\/?page_id=129","title":{"rendered":"LES IMMONTRABLES"},"content":{"rendered":"<p>Au commencement il y a la rage. Celle de voir son oeuvre patiemment r\u00e9alis\u00e9e, contre vents et mar\u00e9es, syst\u00e9matiquement \u00e9cart\u00e9e des s\u00e9lections (commissions, diffuseurs, festivals).\u00a0 Puis la prise de conscience que \u00e7a n&rsquo;est pas forc\u00e9ment la qualit\u00e9 de l&rsquo;oeuvre qui est en cause, mais bien son ent\u00eatement \u00e0 exister en dehors des normes.<\/p>\n<p>Il y a eu dans l&rsquo;Histoire de l&rsquo;Art le fameux \u00ab\u00a0Salon des refus\u00e9s\u00a0\u00bb de 1865. Voici comment Wikipedia en rend compte:<\/p>\n<p>\u00ab\u00a0Le <b>Salon des refus\u00e9s<\/b> se tient \u00e0 Paris depuis 1863 (autoris\u00e9 par Napol\u00e9on III).<br \/>\nCe Salon est l&rsquo;une des illustrations de l&rsquo;\u00e9mergence, dans la seconde moiti\u00e9 du XIX<sup>e<\/sup>\u00a0si\u00e8cle, d&rsquo;une modernit\u00e9 en peinture, en opposition avec le go\u00fbt officiel.\u00a0\u00bb<\/p>\n<p>\u00catre \u00ab\u00a0Immontrable\u00a0\u00bb deux si\u00e8cles plus tard c&rsquo;est encore \u00e7a.<\/p>\n<p>\u00catre jug\u00e9 \u00ab\u00a0immontrable\u00a0\u00bb par les directeurs de programmes t\u00e9l\u00e9, certains programmateurs de festivals ou les auteurs eux-m\u00eames, nous, \u00e7a \u00e9veille notre int\u00e9r\u00eat.<\/p>\n<p>Les films qu&rsquo;on montre dans ces s\u00e9ances ont tous en commun leur inad\u00e9quation avec la production standard.<\/p>\n<p>Gr\u00e2ce au <a title=\"Micro March\u00e9\" href=\"http:\/\/en.micromarche.com\/\" target=\"_blank\">MICROMARCH\u00c9 <\/a>qui nous accueille de mani\u00e8re informelle et gratuite, nous proposons des projections EN PR\u00c9SENCE DES R\u00c9ALISATEURS\/TRICES.<\/p>\n<p>Voici du plus r\u00e9cent au plus ancien, les films programm\u00e9s aux Immontrables.<\/p>\n<p><strong>Le 24\/06\/15 &#8211; Sp\u00e9cial \u00ab\u00a0A House is not a Home\u00a0\u00bb<\/strong><\/p>\n<p>\u00ab\u00a0Habiter\u00a0\u00bb (Collectif)<\/p>\n<p>\u00ab\u00a0Pass\u00e9 Compos\u00e9\u00a0\u00bb de Isabelle Rey<\/p>\n<p><a href=\"https:\/\/www.seingalt.net\/wp-content\/uploads\/2013\/09\/flyer12.jpg\"><img loading=\"lazy\" decoding=\"async\" class=\"alignnone size-medium wp-image-209\" src=\"https:\/\/www.seingalt.net\/wp-content\/uploads\/2013\/09\/flyer12-300x224.jpg\" alt=\"flyer#12\" width=\"300\" height=\"224\" srcset=\"https:\/\/www.seingalt.net\/wp-content\/uploads\/2013\/09\/flyer12-300x224.jpg 300w, https:\/\/www.seingalt.net\/wp-content\/uploads\/2013\/09\/flyer12-1024x765.jpg 1024w, https:\/\/www.seingalt.net\/wp-content\/uploads\/2013\/09\/flyer12.jpg 1248w\" sizes=\"auto, (max-width: 300px) 100vw, 300px\" \/><\/a><\/p>\n<p>&nbsp;<\/p>\n<p><strong>Le 29\/04\/14 &#8211; Sp\u00e9cial \u00ab\u00a0Diff\u00e9rences et r\u00e9p\u00e9titions\u00a0\u00bb.<\/strong><\/p>\n<p>\u00ab\u00a0Le souffle de la nature\u00a0\u00bb d&rsquo;Hadrien Don Fayel<\/p>\n<p>\u00ab\u00a0Asc\u00e8se\u00a0\u00bb de Fran\u00e7ois Ducat<\/p>\n<p><a href=\"https:\/\/www.seingalt.net\/wp-content\/uploads\/2013\/09\/flyer11.jpg\"><img loading=\"lazy\" decoding=\"async\" class=\"alignnone size-medium wp-image-208\" src=\"https:\/\/www.seingalt.net\/wp-content\/uploads\/2013\/09\/flyer11-300x208.jpg\" alt=\"flyer#11\" width=\"300\" height=\"208\" srcset=\"https:\/\/www.seingalt.net\/wp-content\/uploads\/2013\/09\/flyer11-300x208.jpg 300w, https:\/\/www.seingalt.net\/wp-content\/uploads\/2013\/09\/flyer11-1024x710.jpg 1024w, https:\/\/www.seingalt.net\/wp-content\/uploads\/2013\/09\/flyer11.jpg 1271w\" sizes=\"auto, (max-width: 300px) 100vw, 300px\" \/><\/a><\/p>\n<p><strong>19\/03\/14 &#8211; Sp\u00e9cial \u00ab\u00a0R\u00e9alisateurs en ateliers\u00a0\u00bb.<\/strong><\/p>\n<p>\u00ab\u00a0Les ombres amoureuses\u00a0\u00bb de Charlotte Erlih (encadrante: Marie Roche) \/ 2013 \/ 6&rsquo;27<\/p>\n<p>\u00ab\u00a0Princesse Aubergine\u00a0\u00bb de Cesar Diaz \/ 2013 \/ 10&prime;<\/p>\n<p>\u00ab\u00a0Corinne p\u00e9ruqui\u00e8re + Et vous?\u00a0\u00bb de Guildem Durmaz \/ 2011 \/ 12&prime;<\/p>\n<p>\u00a0\u00bb Exag\u00e9r\u00e9\u00a0\u00bb de Fran\u00e7ois Ducat \/ 1998 \/ 10&prime;<\/p>\n<p><a href=\"https:\/\/www.seingalt.net\/wp-content\/uploads\/2013\/09\/FLYER.jpg\"><img loading=\"lazy\" decoding=\"async\" class=\"alignnone size-medium wp-image-176\" src=\"https:\/\/www.seingalt.net\/wp-content\/uploads\/2013\/09\/FLYER-300x223.jpg\" alt=\"FLYER\" width=\"300\" height=\"223\" srcset=\"https:\/\/www.seingalt.net\/wp-content\/uploads\/2013\/09\/FLYER-300x223.jpg 300w, https:\/\/www.seingalt.net\/wp-content\/uploads\/2013\/09\/FLYER-1024x761.jpg 1024w, https:\/\/www.seingalt.net\/wp-content\/uploads\/2013\/09\/FLYER.jpg 1239w\" sizes=\"auto, (max-width: 300px) 100vw, 300px\" \/><\/a><\/p>\n<p><strong>01\/10\/13 &#8211; \u00ab\u00a0La for\u00eat, une fois\u00a0\u00bb de Peter Snowden et \u00ab\u00a0Chers Parents\u00a0\u00bb de Philippe Van Cutsem.<\/strong><\/p>\n<p><a href=\"https:\/\/www.seingalt.net\/wp-content\/uploads\/2013\/09\/flyer9.jpg\"><img loading=\"lazy\" decoding=\"async\" class=\"alignnone size-medium wp-image-141\" src=\"https:\/\/www.seingalt.net\/wp-content\/uploads\/2013\/09\/flyer9-300x243.jpg\" alt=\"flyer#9\" width=\"300\" height=\"243\" srcset=\"https:\/\/www.seingalt.net\/wp-content\/uploads\/2013\/09\/flyer9-300x243.jpg 300w, https:\/\/www.seingalt.net\/wp-content\/uploads\/2013\/09\/flyer9-1024x830.jpg 1024w, https:\/\/www.seingalt.net\/wp-content\/uploads\/2013\/09\/flyer9.jpg 1159w\" sizes=\"auto, (max-width: 300px) 100vw, 300px\" \/><\/a><\/p>\n<p><strong>12\/06\/13 \u00ab\u00a0Au revoir Simone\u00a0\u00bb de Pauline Pallier et \u00ab\u00a0Les mecs \u00e0 ma m\u00e9m\u00e9\u00a0\u00bb de Piet Eekman<\/strong><\/p>\n<p><a href=\"https:\/\/www.seingalt.net\/wp-content\/uploads\/2013\/09\/flyer8.jpg\"><img loading=\"lazy\" decoding=\"async\" class=\"alignnone size-medium wp-image-140\" src=\"https:\/\/www.seingalt.net\/wp-content\/uploads\/2013\/09\/flyer8-300x224.jpg\" alt=\"flyer#8\" width=\"300\" height=\"224\" srcset=\"https:\/\/www.seingalt.net\/wp-content\/uploads\/2013\/09\/flyer8-300x224.jpg 300w, https:\/\/www.seingalt.net\/wp-content\/uploads\/2013\/09\/flyer8-1024x765.jpg 1024w, https:\/\/www.seingalt.net\/wp-content\/uploads\/2013\/09\/flyer8.jpg 1222w\" sizes=\"auto, (max-width: 300px) 100vw, 300px\" \/><\/a><\/p>\n<p><strong>30\/01\/13 \u00ab\u00a0Mali d&rsquo;or\u00a0\u00bb d&rsquo;\u00c9ric Pauport\u00e9<\/strong><\/p>\n<p><a href=\"https:\/\/www.seingalt.net\/wp-content\/uploads\/2013\/09\/flyer7.jpg\"><img loading=\"lazy\" decoding=\"async\" class=\"alignnone size-medium wp-image-139\" src=\"https:\/\/www.seingalt.net\/wp-content\/uploads\/2013\/09\/flyer7-300x224.jpg\" alt=\"flyer#7\" width=\"300\" height=\"224\" srcset=\"https:\/\/www.seingalt.net\/wp-content\/uploads\/2013\/09\/flyer7-300x224.jpg 300w, https:\/\/www.seingalt.net\/wp-content\/uploads\/2013\/09\/flyer7-1024x767.jpg 1024w, https:\/\/www.seingalt.net\/wp-content\/uploads\/2013\/09\/flyer7.jpg 1235w\" sizes=\"auto, (max-width: 300px) 100vw, 300px\" \/><\/a><\/p>\n<p><strong>03\/10\/12 \u00ab\u00a0Retour sur terre\u00a0\u00bb de Pierre Lacourt<\/strong><\/p>\n<p><a href=\"https:\/\/www.seingalt.net\/wp-content\/uploads\/2013\/09\/flyer6.jpg\"><img loading=\"lazy\" decoding=\"async\" class=\"alignnone size-medium wp-image-138\" src=\"https:\/\/www.seingalt.net\/wp-content\/uploads\/2013\/09\/flyer6-300x224.jpg\" alt=\"flyer#6\" width=\"300\" height=\"224\" srcset=\"https:\/\/www.seingalt.net\/wp-content\/uploads\/2013\/09\/flyer6-300x224.jpg 300w, https:\/\/www.seingalt.net\/wp-content\/uploads\/2013\/09\/flyer6-1024x766.jpg 1024w, https:\/\/www.seingalt.net\/wp-content\/uploads\/2013\/09\/flyer6.jpg 1222w\" sizes=\"auto, (max-width: 300px) 100vw, 300px\" \/><\/a><\/p>\n<p><strong>21\/09\/12 \u00ab\u00a0Mimouna et l&rsquo;avenir de la Belgique\u00a0\u00bb r\u00e9alisation collective ZIN TV<\/strong><\/p>\n<p><a href=\"https:\/\/www.seingalt.net\/wp-content\/uploads\/2013\/09\/flyer5.jpg\"><img loading=\"lazy\" decoding=\"async\" class=\"alignnone size-medium wp-image-137\" src=\"https:\/\/www.seingalt.net\/wp-content\/uploads\/2013\/09\/flyer5-300x225.jpg\" alt=\"flyer#5\" width=\"300\" height=\"225\" srcset=\"https:\/\/www.seingalt.net\/wp-content\/uploads\/2013\/09\/flyer5-300x225.jpg 300w, https:\/\/www.seingalt.net\/wp-content\/uploads\/2013\/09\/flyer5-1024x768.jpg 1024w, https:\/\/www.seingalt.net\/wp-content\/uploads\/2013\/09\/flyer5.jpg 1218w\" sizes=\"auto, (max-width: 300px) 100vw, 300px\" \/><\/a><\/p>\n<p><strong>27\/06\/12 \u00ab\u00a0Tren de sombras\u00a0\u00bb de Jos\u00e9-Luis Gu\u00e9rin<\/strong><\/p>\n<p><a href=\"https:\/\/www.seingalt.net\/wp-content\/uploads\/2013\/09\/flyer4.jpg\"><img loading=\"lazy\" decoding=\"async\" class=\"alignnone size-medium wp-image-136\" src=\"https:\/\/www.seingalt.net\/wp-content\/uploads\/2013\/09\/flyer4-300x224.jpg\" alt=\"flyer4\" width=\"300\" height=\"224\" srcset=\"https:\/\/www.seingalt.net\/wp-content\/uploads\/2013\/09\/flyer4-300x224.jpg 300w, https:\/\/www.seingalt.net\/wp-content\/uploads\/2013\/09\/flyer4-1024x766.jpg 1024w, https:\/\/www.seingalt.net\/wp-content\/uploads\/2013\/09\/flyer4.jpg 1086w\" sizes=\"auto, (max-width: 300px) 100vw, 300px\" \/><\/a><\/p>\n<p><strong>30\/05\/12 \u00ab\u00a0Le mar\u00e9chalat de Dieu\u00a0\u00bb de Nathyvell Pontalier<\/strong><\/p>\n<p><a href=\"https:\/\/www.seingalt.net\/wp-content\/uploads\/2013\/09\/flyerMailing.jpg\"><img loading=\"lazy\" decoding=\"async\" class=\"alignnone size-medium wp-image-135\" src=\"https:\/\/www.seingalt.net\/wp-content\/uploads\/2013\/09\/flyerMailing-300x231.jpg\" alt=\"flyerMailing\" width=\"300\" height=\"231\" srcset=\"https:\/\/www.seingalt.net\/wp-content\/uploads\/2013\/09\/flyerMailing-300x231.jpg 300w, https:\/\/www.seingalt.net\/wp-content\/uploads\/2013\/09\/flyerMailing-1024x789.jpg 1024w, https:\/\/www.seingalt.net\/wp-content\/uploads\/2013\/09\/flyerMailing.jpg 1242w\" sizes=\"auto, (max-width: 300px) 100vw, 300px\" \/><\/a><\/p>\n<p><strong>04\/04\/12 \u00ab\u00a0Fuck You\u00a0\u00bb de OME (Guy-Marc Hinant et Dominique Lohl\u00e9).<\/strong><\/p>\n<p><a href=\"https:\/\/www.seingalt.net\/wp-content\/uploads\/2013\/09\/flyer2.jpg\"><img loading=\"lazy\" decoding=\"async\" class=\"alignnone size-medium wp-image-134\" src=\"https:\/\/www.seingalt.net\/wp-content\/uploads\/2013\/09\/flyer2-300x225.jpg\" alt=\"flyer#2\" width=\"300\" height=\"225\" srcset=\"https:\/\/www.seingalt.net\/wp-content\/uploads\/2013\/09\/flyer2-300x225.jpg 300w, https:\/\/www.seingalt.net\/wp-content\/uploads\/2013\/09\/flyer2-1024x768.jpg 1024w, https:\/\/www.seingalt.net\/wp-content\/uploads\/2013\/09\/flyer2.jpg 1090w\" sizes=\"auto, (max-width: 300px) 100vw, 300px\" \/><\/a><\/p>\n<p><strong>15\/02\/12 \u00ab\u00a0The mount of temptation\u00a0\u00bb de Piet Eekman + \u00ab\u00a0Tu oublieras aussi Henriette\u00a0\u00bb de Fran\u00e7ois Ducat<\/strong><\/p>\n<p><a href=\"https:\/\/www.seingalt.net\/wp-content\/uploads\/2013\/09\/FLYER1.jpg\"><img loading=\"lazy\" decoding=\"async\" class=\"alignnone size-medium wp-image-132\" src=\"https:\/\/www.seingalt.net\/wp-content\/uploads\/2013\/09\/FLYER1-300x230.jpg\" alt=\"FLYER#1\" width=\"300\" height=\"230\" srcset=\"https:\/\/www.seingalt.net\/wp-content\/uploads\/2013\/09\/FLYER1-300x230.jpg 300w, https:\/\/www.seingalt.net\/wp-content\/uploads\/2013\/09\/FLYER1.jpg 1018w\" sizes=\"auto, (max-width: 300px) 100vw, 300px\" \/><\/a><\/p>\n<p>&nbsp;<\/p>\n<p>&nbsp;<\/p>\n<div id=\"ConnectiveDocSignExtentionInstalled\" data-extension-version=\"1.0.4\"><\/div>\n","protected":false},"excerpt":{"rendered":"<p>Au commencement il y a la rage. Celle de voir son oeuvre patiemment r\u00e9alis\u00e9e, contre vents et mar\u00e9es, syst\u00e9matiquement \u00e9cart\u00e9e des s\u00e9lections (commissions, diffuseurs, festivals).\u00a0 Puis la prise de conscience que \u00e7a n&rsquo;est pas forc\u00e9ment la qualit\u00e9 de l&rsquo;oeuvre qui &hellip; <a href=\"https:\/\/www.seingalt.net\/?page_id=129\">Continuer la lecture <span class=\"meta-nav\">&rarr;<\/span><\/a><\/p>\n","protected":false},"author":1,"featured_media":319,"parent":0,"menu_order":0,"comment_status":"closed","ping_status":"closed","template":"","meta":{"footnotes":""},"class_list":["post-129","page","type-page","status-publish","has-post-thumbnail","hentry"],"_links":{"self":[{"href":"https:\/\/www.seingalt.net\/index.php?rest_route=\/wp\/v2\/pages\/129","targetHints":{"allow":["GET"]}}],"collection":[{"href":"https:\/\/www.seingalt.net\/index.php?rest_route=\/wp\/v2\/pages"}],"about":[{"href":"https:\/\/www.seingalt.net\/index.php?rest_route=\/wp\/v2\/types\/page"}],"author":[{"embeddable":true,"href":"https:\/\/www.seingalt.net\/index.php?rest_route=\/wp\/v2\/users\/1"}],"replies":[{"embeddable":true,"href":"https:\/\/www.seingalt.net\/index.php?rest_route=%2Fwp%2Fv2%2Fcomments&post=129"}],"version-history":[{"count":16,"href":"https:\/\/www.seingalt.net\/index.php?rest_route=\/wp\/v2\/pages\/129\/revisions"}],"predecessor-version":[{"id":411,"href":"https:\/\/www.seingalt.net\/index.php?rest_route=\/wp\/v2\/pages\/129\/revisions\/411"}],"wp:featuredmedia":[{"embeddable":true,"href":"https:\/\/www.seingalt.net\/index.php?rest_route=\/wp\/v2\/media\/319"}],"wp:attachment":[{"href":"https:\/\/www.seingalt.net\/index.php?rest_route=%2Fwp%2Fv2%2Fmedia&parent=129"}],"curies":[{"name":"wp","href":"https:\/\/api.w.org\/{rel}","templated":true}]}}